36 - 33)?
-8
Calculate 3 + -3 + (28 - (-11 + 61)).
-22
Evaluate 21 + -15 + -9 - -24.
21
Evaluate 2450 + -2479 - (0 + (-1 - 4) - 2).
-22
Calculate (5 - 29) + -1 + 15.
-10
Calculate 0 - -12 - (-95 - -120).
-13
Evaluate 19 + -42 + 18 - -19.
14
-9 + 1 - (26 - (-21 - -57))
2
(-857 - -880) + -1 + -33
-11
What is the value of -2 + 24 - (3 - -17 - 16)?
18
Calculate (-2 - -2) + (104 - 114 - (1 - 6)).
-5
What is the value of -1 + 12 + (-82 - -64) - 3?
-10
What is 0 - (-3 - -2 - (0 - 9))?
-8
Evaluate 0 - -21 - (-40 + 43 - -1).
17
What is the value of 7 - ((7 - 2) + 5)?
-3
Evaluate (-27 - (2 + -12)) + 4 - 6.
-19
(3 - 4) + -39 + 28 + -15
-27
Evaluate -17 + (-2 - (-10 + 6) - (-6 + 4)).
-13
-17 + 13 + -18 + 44 + (-4 - 0)
18
What is the value of -4 + 8 + 7 + -13 - (1 + -4)?
1
What is -4 + 10 + -19 + 5 + 0?
-8
3 + -3 + -3 - (9 + (-33 - 6))
27
What is 0 + (-3 - -4) - (-258 + 248)?
11
(6 - 3) + -15 - (-43 + 29)
2
What is -8 - -3 - ((-2 - -5) + -7 + 8)?
-9
(3 - 0) + (67 - 54 - (-1 - 13))
30
What is the value of -7 + (21 + (2 - (-5 + 9)) - 6)?
6
Evaluate -15 + -10 + 37 + -30.
-18
Evaluate 38 - 4 - (5 + 8 - 7).
28
Calculate 5 - (21 - 8) - (-3 - 19).
14
Calculate (-3 - (8 + -31)) + 2 + (-15 - -7).
14
What is the value of 27 + 5 - (79 + -30)?
-17
What is the value of 14 - (18 + -29) - 10?
15
Calculate 38 + (-14 - (11 + -1)).
14
What is 0 + -1 + -5 + 11 - (11 - 7)?
1
Calculate 12 + -3 + (-1 - (14 + (-2 - 5))).
1
Evaluate -1 - -18 - (172 - 165).
10
46 + -35 + -34 - -30
7
What is -44 + 0 - (-177 + 111 - -55)?
-33
Calculate 8 - (-6 + 1 + -7 + 14 + -7).
13
(-20 - -36) + -25 - -4
-5
32 + -44 + (3 - -3 - 2)
-8
What is the value of 2 + 5 + -15 + -3 + (-37 - -40)?
-8
Evaluate 6 - (0 + 20 + -13 - 19).
18
Calculate 2 + -40 + 34 - (14 + (0 - -2)).
-20
Evaluate 15 + (34 - (23 - -4)).
22
Evaluate 9 - (0 + (14 - 3 - 8)).
6
What is the value of (28 - (64 + -25)) + 2 + 3?
-6
Evaluate 20 + -19 + 11 - 23 - 3.
-14
Evaluate (7 - (0 - (7 - 1) - -17)) + 12.
8
Calculate 21 + -34 + (-5 - -53 - 8).
27
Calculate (1 + 6 - (65 + -65) - 1) + 2.
8
What is -1 - (2 - -2 - (16 - (5 + 7)))?
-1
Evaluate -1 - (-9 - (29 + -16)).
21
4 + (-22 - -35) + (-49 - 3)
-35
Evaluate -1 - -1 - (0 + 5) - (-6186 - -6188).
-7
Calculate 15 + -16 + 21 - (-10 + 7 + -1).
24
What is (4 - 0 - (-32 + 45 + -4)) + -8?
-13
Calculate -28 + -5 + 5 + -13 + 7 + 11.
-23
Evaluate 56 + -23 - 62 - -44.
15
Calculate 43 + 4 + -89 + 40.
-2
Calculate (-8 + 10 - -3 - 8) + 8 + -33.
-28
What is 0 - 1 - (-9 + 11 - -11)?
-14
Calculate (2 + (3 - 0) - -8) + (-2 - 0).
11
-1 - 0 - (14 - 17) - 7
-5
Evaluate 9 + 3 + -10 - (-1 - (-2 + -5)).
-4
What is the value of (-3 - (1 + 0)) + -2 + (-3 - -14)?
5
Calculate 46 - (63 - 2) - (1 + -7).
-9
Calculate (-3 - (6 + -24)) + (4 - (2 + -4)).
21
(3 - -6 - 11) + -22 + -1 + 5
-20
What is the value of (2 - (3 + -6)) + -12 + 2 + 20?
15
What is the value of 1 + -1 - 2 - (-24 + 16 + -7)?
13
What is the value of -3 + 2 + 17 + -5 + (-15 - -24)?
20
What is (12 - 18) + -19 - -11?
-14
Calculate (6 + -3 - -23) + (-31 - -21).
16
What is 12 + 3 + (82 - 82 - (7 - 1))?
9
Calculate -18 - (-2 + (-3 - 2) + (-23 - -30)).
-18
-35 - (-76 + 37) - (17 + 1 + 0)
-14
What is 7 + (-26 - (-7 - -2)) - -8?
-6
Calculate 36 + -14 + -9 + 12 - -1.
26
Calculate -28 - -20 - -12 - (-2 - 2).
8
Calculate 28 - (31 + (22 - 36)).
11
Calculate 43 - (3 - (15 + -38) - 13).
30
Calculate 5 - -9 - (62 + -22).
-26
Evaluate 5 + -9 - (-3 - 1).
0
1 + 0 + -3 - (-148 - -158)
-12
What is the value of 3 + -12 + -21 + 52?
22
What is the value of 10 + ((-2 - -2) + -91 + 84 - 18)?
-15
What is -1 + (-11 + 5 - -4)?
-3
What is 13 - (50 - -3) - -32?
-8
4 + 6 - (20 + -9)
-1
-10 - (-1 + -8 + (-80 - -94))
-15
What is the value of -5 + (12 - -32) + -24?
15
(-4 - (-17 - -15 - 8)) + -11
-5
What is (59 - 45) + 37 + -14?
37
What is (10 - 19) + 11 + 10?
12
Evaluate -2 - (8 + (3 - (-14 - -7)) + -4).
-16
Evaluate 26 - ((-2 - -4) + (-20 + 12 - -13)).
19
What is the value of -3 - (-18 - (12 - 6))?
21
42 + -52 + 16 + 5 + 4
15
Calculate 16 + 3 + -3 - (5 - (7 + -2)).
16
Evaluate (7 + 27 + -22 - 38) + (-1 - 1).
-28
Evaluate (21 - -1 - 0) + -9.
13
41 + -35 - (0 + (-1 - -2) + 8)
-3
Evaluate -4 + (-5 + 0 - (0 - 13)) - 1.
3
What is the value of -36 + (1 - 14 - -29)?
-20
What is 27 + -1 + 16 + -54?
-12
12 - ((-8 - -10 - 11) + 4)
17
Calculate 19 + -27 + (10 - (-4 - -6)) + -3.
-3
-4 - (4 - 4) - -10 - 30
-24
Evaluate (-29 - -19) + 20 + (0 - 14).
-4
7 - 0 - 17 - -5 - 19
-24
What is -6 - (-9 + (30 - 30))?
3
-9 + (-7 - (-17 + -5 + 11))
-5
(-15 - (18 - 13)) + -3
-23
What is 3 + -5 + (25 + -28 - (4 + 2))?
-11
Calculate (-2 - 2) + 43 + -37.
2
-8 - (12 - (11 - -8)) - -8
7
Calculate (-21 - -45) + 16 - 10.
30
Evaluate 16 + -33 - -31 - 5.
9
What is the value of (0 - 15) + 16 + -8 + 4?
-3
Evaluate (-8 - -3) + 51 + -48.
-2
Evaluate (-9 - 2) + (-34 - -25) - -5.
-15
-3 - ((-1 - -4) + -32 + 41)
-15
Calculate (3 - 7 - 1) + 0 + (11 - 1).
5
What is (17 - (-3 + 2)) + -2922 + 2923?
19
What is the value of (0 - -6 - -22) + -22?
6
12 + 12 + -28 + 11 + -8 - 3
-4
12 + (3 + (2 - -2) - 13)
6
What is 17 - (28 + (-4 - -4))?
-11
Calculate 30 + -24 + (-5 - -8).
9
What is the value of 0 + (5 - 1) + -9 - -22?
17
Calculate (-5 + 9 - (-4 - -3)) + 2 + 4.
11
What is the value of 1 - (-1 + -1 + (6 - (-3 + 14)))?
8
Calculate (3 - -9) + (24 - 12) + 3 + -3.
24
(9 - (5 - (-7 - (-4 + 0)))) + -24
-23
Evaluate 1 - 4 - (-14 + (8 - -5 - 8)).
6
What is (9 - 24 - -27) + -2?
10
What is the value of -57 + 52 + 2 + -5?
-8
What is the value of -3 - (6 - (-6 + 14 + 11))?
10
What is the value of (-15 - (3 - 19)) + -2 + -9 + 2?
-8
-1 + 7 + -18 + -23
-35
What is 16 + 21 + -22 + -9 + 11?
17
What is (-868 - -875) + (-2 - ((-1 - 7) + -2))?
15
Evaluate ((1 - -7) + -1 - -2) + (1865 - 1862).
12
Evaluate (-13 - -24) + -17 + 23.
17
What is the value of (-3 - 2) + (-76 - -86) - -7?
12
Evaluate -2 + (79 - 95) + (10 - 3).
-11
What is 13 - (28 + -22 - -5)?
2
Evaluate 5 + (27 - 27 - (5 + -1)).
1
Calculate 16 - (26 + 0 + -20).
10
What is the value of -45 + 35 - (-4 + (-5 - -2))?
-3
(14 - 53) + (28 - 2)
-13
(26 - 31) + 6 - (-1 - -13)
-11
(-12 - (5 + -8 - 27)) + -6
12
What is the value of -21 - (19 + (-15 - 12))?
-13
What is the value of 13 + (11 - 25) + -6?
-7
What is 11 - (6 - 2) - 16?
-9
Calculate (17 - -10) + -34 + -2 + 15.
6
Evaluate -14 - (-16 - -19 - 18).
1
What is the value of 0 + 3 - (9 + (2 - 3 - 6))?
1
Calculate 1 - ((20 - 2) + -16) - (-4 + 1).
2
Evaluate -2 - 4 - (-17 + 2 + (-1 - -4)).
6
What is the value of -1 + 6 + 1 + 6 + 23 + -23?
12
Calculate (-1 - -2) + (3 - (2 + -5)).
7
What is -9 - (-8 - -13 - (-10 - -26))?
2
Calculate -1 + 4 - 6 - (2 - 0).
-5
What is the value of 1995 + -1992 + 0 + 2 + -1?
4
Evaluate -22 + 26 - -15 - 1.
18
What is the value of -8 + 1 + 101 + -88 + -3?
3
Evaluate 5 - 14 - (-58 + 47) - (0 + 1).
1
Evaluate -10 + -13 + 25 - 15.
-13
What is the value of (-8 - (39 + -42)) + (-1 - -4) - -8?
6
Evaluate (4 - 8 - (-1 + 1)) + 54 + -43.
7
What is -83 - (-31 + -81) - (13 - 0)?
16
(16 - 21) + 23 - 18
0
(-22 - -1) + 52 + -68
-37
What is the value of 25 + -20 + (-1 - 9) - (1 - 15)?
9
Evaluate 149 - 151 - ((4 - 2) + 1).
-5
What is the value of -4 - -10 - ((2 - 5) + 3 - 12)?
18
Evaluate 6 + -16 - (13 + -20).
-3
0 + (4 - -7 - (0 + -1)) + -3
9
Calculate -2 + 19 + -16 + (-5 + -3 - 2).
-9
What is 1 - (8 - 4 - (0 - 3)) - -13?
7
Calculate 5 + 1 - (-7 - (17 - 29)).
1
What is the value of (0 - 16) + (50 - 46)?
-12
What is the value of 2 - (8 - 0) - -1 - (-2 + -1)?
-2
40 + -53 + -2 + -15
-30
What is the value of (-13 - 7) + 17 + (16 - 1)?
12
Evaluate -9 + -6 + 10 + (3 - 1) + 20.
17
Evaluate 12 - (20 - (-24 + 13)).
-19
What is 39 + -30 - (-1 + (-2 - 0))?
12
What is -17 + (18 - (-10 + 22 + 18))?
-29
What is the value of (35 - 30) + (-3 - 29)?
-27
What is 24 - 22 - (22 - -12)?
-32
What is the value of 13 + 1 + -11 + 4 + 1?
8
Calculate (20 - (6 - 2) - 4) + (38 - 37).
13
What is the value of 15 + (-1 - 10) + -3?
1
Calculate 6 - 10 - ((-3 - (0 - 0)) + -15).
14
(-15 - -2) + 1 + 10
-2
Evaluate -499 - -489 - (-29 + (2 - -1) + -2).
18
(1 - 5) + 7 + -25 + 37
15
Calculate -3046 + 3023 + (1 - -1 - 2) + 1.
-22
What is the value of 27 - (35 + 32) - -33?
-7
Evaluate -5 - (6 + -1 + 4 + -6).
-8
What is -10 + (-6 - (2 + -3)) - (1 - 5)?
-11
-10 - (-28 - (0 - 0 - (87 + -77)))